rmine f(-6).
111
Let b(a) = -16*a**2 - 157*a + 30. Determine b(-10).
0
Let z(d) = -d**3 - 14*d**2 - 17*d - 28. What is z(-13)?
24
Let w(g) = g**2 + 46*g + 198. Give w(-5).
-7
Let l(n) = 436*n - 23995. What is l(55)?
-15
Let x(q) = q**3 + q**2 + 8*q + 21. Determine x(-5).
-119
Let y(m) = 91*m - 1813. Determine y(20).
7
Let l(s) = 2*s**3 - 188*s**2 + s - 88. What is l(94)?
6
Let u(j) = -16*j**2 + 80*j + 7. Give u(7).
-217
Let l(r) = -r**2 + 24*r + 1040. Give l(-22).
28
Let h(l) = 2*l**3 + 29*l**2 - 58*l - 20. Calculate h(-16).
140
Let h(n) = -22*n**2 - 1711*n + 394. Give h(-78).
4
Let k(z) = z**2 + 31*z + 68. Calculate k(-27).
-40
Let t(z) = 250*z - 365. What is t(1)?
-115
Let r(s) = 4*s - 913. What is r(10)?
-873
Let f(x) = 196*x**2 - 1184*x - 7. Calculate f(6).
-55
Let s(l) = -l**3 - 16*l**2 - 69*l + 6. Give s(-8).
46
Let r(q) = 6*q**3 + 5*q**2 - q + 2. Give r(3).
206
Let c(f) = f**3 - 9*f**2 + 13*f - 77. Determine c(11).
308
Let i(q) = -2*q**2 + 54*q - 396. Determine i(9).
-72
Let z(v) = -2*v**3 - 33*v**2 - 74*v - 15. What is z(-14)?
41
Let q(p) = -p**3 + 26*p**2 - 101*p - 6. Calculate q(5).
14
Let o(i) = i**3 + 33*i**2 + 4*i + 148. Determine o(-33).
16
Let y(j) = 497*j - 3007. Determine y(6).
-25
Let w(p) = -57*p**3 + 2*p - 1. Calculate w(1).
-56
Let n(g) = -g**2 - 232*g + 1395. Give n(6).
-33
Let a(y) = -53*y - 5350. What is a(-101)?
3
Let j(o) = -15*o - 81. Determine j(8).
-201
Let z(u) = u**3 - 5*u**2 + 5*u - 6. Calculate z(3).
-9
Let k(o) = -3*o**2 - 16*o + 1103. Calculate k(16).
79
Let q(m) = -7*m**3 - 229*m**2 + 68*m + 62. Determine q(-33).
-4
Let p(q) = -78*q - 1164. What is p(-15)?
6
Let c(i) = -i**3 - i**2 + 25*i - 45. What is c(2)?
-7
Let m(o) = 286*o - 13739. What is m(48)?
-11
Let p(b) = -127*b - 1639. What is p(-10)?
-369
Let l(c) = -3*c**2 - 336*c - 1274. Give l(-4).
22
Let p(b) = -7*b**3 - 41*b**2 + 76*b + 412. Give p(-6).
-8
Let u(r) = -3*r**2 - 179*r - 975. Give u(-6).
-9
Let j(h) = -h**2 - 18*h + 14. Calculate j(-17).
31
Let h(m) = -m**3 + 164*m**2 - 798*m + 467. Calculate h(159).
-10
Let o(u) = -112*u - 20724. What is o(-185)?
-4
Let w(b) = 52*b + 286. Calculate w(-6).
-26
Let v(r) = -r**3 + 11*r**2 - 22*r - 3. Determine v(3).
3
Let a(u) = 4*u**3 - 17*u**2 + 17*u + 3. Determine a(3).
9
Let o(m) = -22*m**2 + 12*m + 54. Give o(-7).
-1108
Let j(n) = 3*n**3 + 67*n**2 + 25*n + 50. What is j(-22)?
-16
Let w(m) = m**3 - 43*m**2 + 7*m - 226. Calculate w(43).
75
Let k(d) = -904*d - 6389. Give k(-7).
-61
Let t(z) = -65*z**2 - 6825*z + 12. What is t(-105)?
12
Let g(j) = -2*j**2 + 32*j + 603. Calculate g(-11).
9
Let s(c) = -8*c**3 + 46*c**2 - 34*c + 28. Calculate s(5).
8
Let t(n) = -n**3 + 6*n**2 + 5*n - 55. Calculate t(5).
-5
Let a(j) = -j**2 + 1191*j - 7108. What is a(6)?
2
Let x(v) = 2*v**3 - 33*v**2 - 287*v - 15. What is x(23)?
261
Let o(p) = p**3 - p**2 - 49*p + 93. What is o(2)?
-1
Let t(l) = l**2 - 22*l + 8. Calculate t(2).
-32
Let l(u) = -u**3 - 62*u**2 - 636*u + 39. Calculate l(-13).
26
Let r(v) = -26*v - 8. Give r(7).
-190
Let k(u) = -32*u + 810. What is k(16)?
298
Let r(i) = 5*i**2 + 176*i + 169. What is r(-34)?
-35
Let c(z) = z**3 + 20*z**2 + 26*z + 6. Give c(-1).
-1
Let d(s) = s**3 - 25*s**2 + 56*s - 226. Give d(23).
4
Let h(x) = x**3 - x**2 - 9*x + 155. Calculate h(0).
155
Let f(o) = 2*o**2 + 134*o - 2226. What is f(-80)?
-146
Let u(v) = -30*v + 57. Determine u(0).
57
Let r(w) = 55*w + 4133. Calculate r(-75).
8
Let u(j) = 212*j + 1544. Determine u(-7).
60
Let a(q) = 1933*q + 1937. Give a(-1).
4
Let b(y) = -y**3 - 79*y**2 + 41*y + 3248. Determine b(-79).
9
Let o(u) = 74*u + 760. Give o(-10).
20
Let h(y) = -y**2 + 39*y + 2365. Give h(-33).
-11
Let m(j) = -j**2 - 14*j - 10. Give m(-15).
-25
Let w(f) = -41*f - 369. Give w(-7).
-82
Let g(w) = 2*w**2 - 9*w - 205. Calculate g(-8).
-5
Let z(q) = -q**3 + 172*q**2 - 504*q - 476. Give z(169).
31
Let r(h) = h**2 - 18*h + 91. Calculate r(6).
19
Let m(b) = -5*b**2 - 77*b - 40. What is m(-15)?
-10
Let k(v) = -4*v**2 - 142*v + 75. What is k(-36)?
3
Let c(f) = -12*f - 54. Give c(-16).
138
Let h(r) = r**3 - 17*r**2 - 107*r + 4. Calculate h(21).
-479
Let d(g) = -10*g - 87. Calculate d(2).
-107
Let r(p) = 96*p - 2. Calculate r(2).
190
Let h(r) = -r**3 - 12*r**2 + 86*r + 12. What is h(-19)?
905
Let t(q) = -q**3 - 19*q**2 - 39*q - 72. What is t(-17)?
13
Let a(y) = 4*y**3 - 104*y**2 - 16*y - 32. Give a(26).
-448
Let g(y) = 5*y + 670. Give g(-126).
40
Let i(m) = 2*m**3 + 7*m**2 - 9*m - 56. Calculate i(-7).
-336
Let k(h) = 4*h**3 + 7*h**2 - h + 14. Give k(-4).
-126
Let g(h) = h**3 + 16*h**2 - 9*h + 20. What is g(-17)?
-116
Let o(m) = m**3 - 4*m**2 - 27*m + 81. Give o(9).
243
Let a(b) = 28*b + 568. Give a(-21).
-20
Let v(b) = b**3 - 23*b**2 + 6*b - 166. Determine v(23).
-28
Let x(n) = -4*n**3 + 223*n**2 - 382*n + 215. What is x(54)?
-1
Let j(k) = -k**2 + 67*k - 1059. Give j(27).
21
Let o(v) = 3*v**3 + 38*v**2 + 7*v - 39. Give o(-14).
-921
Let n(u) = 3*u - 219. Give n(14).
-177
Let z(f) = f**3 - 12*f**2 - 6*f - 11. Calculate z(14).
297
Let f(g) = -26*g + 58. Give f(1).
32
Let j(u) = -u**2 - 370*u + 744. What is j(2)?
0
Let j(i) = -248*i - 235. Calculate j(1).
-483
Let y(s) = 27804*s - 166816. Determine y(6).
8
Let o(z) = -z**3 + 13*z**2 - 4*z - 27. Determine o(12).
69
Let g(t) = -34*t**2 - 2*t + 19. Calculate g(4).
-533
Let z(n) = -n**2 - 6*n + 100. Calculate z(8).
-12
Let n(m) = m**3 - 15*m**2 - 25*m - 39. What is n(17)?
114
Let f(s) = -2*s**3 - s**2 + 1. Give f(-2).
13
Let j(n) = -2*n**2 + 3*n + 213. What is j(10)?
43
Let x(j) = 2*j**2 - 548*j - 2749. What is x(-5)?
41
Let h(q) = -q**2 + 13*q - 44. Determine h(10).
-14
Let l(t) = t**2 - 37*t + 314. Calculate l(22).
-16
Let p(r) = 3*r**3 - 75*r**2 + 79*r - 104. Calculate p(24).
64
Let i(b) = b**3 - 3*b**2 + 830*b - 4204. Give i(5).
-4
Let h(z) = z**3 + 9*z**2 + 24*z + 219. Give h(-9).
3
Let r(c) = -c**2 - 108*c - 2656. What is r(-37)?
-29
Let m(c) = 6*c - 90. Give m(16).
6
Let w(y) = y**3 - 11*y**2 - 27*y + 10. Calculate w(13).
-3
Let x(l) = -l**3 - 9*l**2 + 164*l. Calculate x(9).
18
Let o(x) = 2*x**3 - 8*x**2 - 9*x + 17. What is o(4)?
-19
Let r(a) = 6*a - 325. Give r(48).
-37
Let n(a) = 407*a + 44365. Give n(-109).
2
Let o(z) = -2*z**2 + 201*z - 588. Calculate o(3).
-3
Let c(h) = 3624*h + 29006. Determine c(-8).
14
Let y(p) = 680*p - 960. Determine y(2).
400
Let p(o) = -3*o**2 + 18*o + 64. Give p(9).
-17
Let w(s) = -s**2 - 13*s - 78. Calculate w(-11).
-56
Let i(u) = -3*u**2 - 101*u - 263. What is i(-31)?
-15
Let s(y) = y**3 - 20*y**2 + 18*y - 32. Determine s(19).
-51
Let k(s) = -s**2 + 36*s - 267. Give k(19).
56
Let i(f) = 65*f - 2156. Give i(33).
-11
Let m(c) = 15*c**3 + 6*c**2 - c. Calculate m(-3).
-348
Let z(x) = -6*x + 842. Determine z(144).
-22
Let y(m) = -179*m + 3738. Determine y(21).
-21
Let m(n) = -101*n - 1212. Calculate m(-12).
0
Let v(k) = -106*k**2 - 35*k - 18. Determine v(-1).
-89
Let s(n) = n**3 - 81*n**2 + 937*n + 18. Determine s(14).
4
Let w(l) = 2*l**3 - 108*l**2 + 114*l - 371. Give w(53).
53
Let o(y) = -38*y - 29. Give o(-4).
123
Let l(o) = -49*o - 1986. Calculate l(-42).
72
Let k(v) = -v**2 + 3*v + 148. Calculate k(14).
-6
Let h(r) = -20*r - 391. Determine h(-6).
-271
Let b(w) = -34*w - 2008. Give b(-59).
-2
Let z(l) = -60*l + 114. Determine z(-3).
294
Let f(p) = -5*p**3 - 9*p**2 - 2*p + 16. Give f(-3).
76
Let l(v) = -4284*v - 29978. Determine l(-7).
10
Let d(p) = -p**2 + 30*p - 108. Determine d(25).
17
Let l(d) = 13*d**2 + 1709*d - 3421. What is l(2)?
49
Let s(a) = a**3 + 73*a**2 + 826*a + 2. Give s(-14).
2
Let g(b) = -b**2 - 72*b - 571. Give g(-10).
49
Let p(s) = -s**3 + 11*s**2 - 5*s - 34. What is p(6)?
116
Let w(h) = -h**3 - 10*h**2 - 7*h - 6. Determine w(-1).
-8
Let q(a) = a**2 - 184*a - 10029. Give q(228).
3
Let c(w) = -w**2 - 28*w + 35. Calculate c(-20).
195
Let g(m) = m**3 - 19*m**2 + 123*m - 1534. What is g(17)?
-21
Let t(l) = l**2 - 119*l + 2203. Calculate t(23).
-5
Let q(x) = x**2 - 20*x - 36. What is q(23)?
33
Let y(g) = 6*g**2 + 8*g + 6. Calculate y(-5).
116
Let t(f) = -f**2 + 438*f - 9152. Calculate t(22).
0
Let q(a) = -15*a - 10. Calculate q(0).
-10
Let p(r) = 91*r + 1746. Give p(-19).
17
Let n(v) = -5*v**2 + 351*v - 2504. Determine n(8).
-16
Let c(y) = -2*y**3 + 95*y**2 + 89*y - 1972. What is c(48)?
-4
Le